30, 4*n - 3*n = -2*s - 15. What is the tens digit of 33/s*9/(-3)?
1
Suppose -6 = 6*l - 8*l. Suppose 60 = t + l*t. What is the tens digit of t?
1
Let n = 3 + -11. What is the tens digit of (-1 - n)*(5 + -2)?
2
Let a(g) be the third derivative of 7*g**5/30 - g**4/24 + g**3/6 - g**2. What is the units digit of a(1)?
4
Suppose 2*h + 24 = 82. Let c = -17 + h. Suppose -x - c = -5*k, 0 = 2*x - k - k. What is the units digit of x?
3
Let c(u) = u**3 - 6*u**2 + 5*u + 2. Let i be c(5). Let d(b) = 2*b**2 - 5*b**2 + i*b**2 + 7*b. What is the units digit of d(6)?
6
Let h be (-2)/3 - (-120)/45. What is the tens digit of (4/3)/(h/18)?
1
Let s be 2*(-4)/8*-17. Suppose -2*q = -s - 37. What is the tens digit of q?
2
Let v(x) be the third derivative of 0 + 1/3*x**3 + 1/24*x**4 - x**2 + 0*x. What is the units digit of v(5)?
7
Let q be (-1 - -2) + (-2 - -2). Suppose y - q = 2. Suppose -10 = -y*z - 4*x, z + 5*x = x - 10. What is the tens digit of z?
1
Let w = 27 + -7. What is the units digit of w?
0
Let i(z) = z + 6. Let v be i(-3). Suppose -33 = -3*y + v. What is the units digit of y?
2
Let w be 10/2 - (-2 + 1). Suppose 25 = w*i - i. What is the units digit of i?
5
Let r = 15 + 11. What is the tens digit of r?
2
Suppose -5*z = u - 10, z = -u + 2*u - 34. What is the tens digit of u?
3
Suppose -5*r + 0*r + 5*v - 10 = 0, 5*r - 3*v = -10. What is the units digit of 3*-3*r/6?
3
Suppose 10 = -4*l + 6*l. What is the units digit of l?
5
Let a = 135 - 90. What is the units digit of a?
5
Suppose -i - 96 = 3*i + 4*t, -2*t = 3*i + 76. Let a = i + 55. Suppose -3*x + 0*x + a = 4*c, -3*x = -5*c. What is the units digit of x?
5
Let j be ((-44)/110)/((-2)/10). Suppose -46 = -q + 1. Suppose -q = -0*l - j*l - 5*f, -2*f = l - 21. What is the tens digit of l?
1
Let x = -4 + 8. Suppose -5*y = -y - 2*g - 98, 0 = 5*y + x*g - 129. What is the units digit of y?
5
Let g = 6 - 7. What is the units digit of 6/(-2) + (-5)/g?
2
Let h = 7 - -45. Suppose -5*l + h = -l. What is the units digit of l?
3
Suppose -n + 18 = p + 2*n, -5*p = 2*n - 90. Suppose 3*m + p = 2*g - m, -3*m + 18 = 2*g. Suppose 4*z - 3 = g. What is the units digit of z?
3
Let k = -52 - -71. What is the units digit of k?
9
Let s(a) = -3*a - 14. What is the units digit of s(-18)?
0
Suppose -570 = -5*i + 4*c, i - 4*i + 305 = 5*c. What is the tens digit of i?
1
Let c(i) = -i**2 - 7 - 2*i - i - 5*i. What is the units digit of c(-6)?
5
Let j(n) = -n**2 - 13*n - 11. Let h(d) be the first derivative of -d**3/3 - 6*d**2 - 11*d - 2. Let o(l) = -4*h(l) + 3*j(l). What is the units digit of o(-8)?
3
Let s(c) = c**3 + 7*c**2 - 11*c - 8. Let m = -12 + 4. What is the tens digit of s(m)?
1
Suppose z - 2*z - 9 = 0. Let j(c) = -5*c - 10. Let n be j(z). Suppose -y - 3*k + 6 = 1, 3*k = 4*y - n. What is the units digit of y?
8
Suppose 3*g + 0*g = 6. Suppose 5*k - 90 = g*k. What is the tens digit of k?
3
Suppose 0 = -4*u + 325 + 79. What is the units digit of u?
1
Suppose -5*k = -k - 5*l - 109, 3*k - 53 = -2*l. What is the tens digit of k?
2
Let t(i) = i**2 + i + 51. What is the tens digit of t(0)?
5
Let o = 0 - -4. Suppose 3*w + o = -11. Let u = -2 - w. What is the units digit of u?
3
Suppose 4*p - 15 = 37. Let r = -8 + p. Suppose r*c + 2*a - 59 = 0, -20 = -5*c - a + 37. What is the tens digit of c?
1
Let r(h) = h - 7. Let w be r(9). Suppose 0*a = -3*a. Suppose w*j + d - 20 = 1, a = -2*j + 4*d + 26. What is the tens digit of j?
1
Let d(b) = b**2 - 7*b - 4. Let q be d(8). Suppose 0 = 3*l - q*l + 16. Suppose 3*g - 2*g - l = -5*s, 1 = -2*g + s. What is the units digit of g?
1
Let d(g) = -2*g**3 + g**3 - g**2 - 5*g + 2*g**3 + 4. Let a(v) = v**3 + v**2 + 3. Let s be a(0). What is the units digit of d(s)?
7
Let u(x) = -x**2 + 4*x - 2. Let f be u(4). Let s be (3/f)/(2/(-20)). What is the units digit of (2 - s/2)*-2?
1
Let h = -2 + 6. Suppose -h*z - 3*a = 2, 2*z + 2*a = 1 - 3. What is the units digit of z?
1
Let b be (-4)/(-18) - 16/(-9). Suppose b = -2*k + 16. Let l = k + -1. What is the units digit of l?
6
Suppose 5*h + 34 = 5*o - 2*o, -3*h = -5*o + 78. What is the units digit of o?
8
Let q(o) = 2*o - 1. Let c(v) = -v**3 + 3*v**2 - v + 4. Let b be c(3). What is the units digit of q(b)?
1
Let t = -2 + 3. What is the tens digit of 4/(-2) + 12/t?
1
Let f(n) = 3*n**2 - 4*n + 2. Let s be f(2). Let o(v) = -v**3 + 10*v**2 + 23*v + 11. Let p be o(12). What is the units digit of s/(-9)*-9 + p?
5
Let s = -7 + 8. Let c = -1 + s. Let w(n) = -n**3 - n**2 + n + 14. What is the tens digit of w(c)?
1
Let h be (10/(-4))/((-5)/(-10)). Let o be (-1 - h) + (-7)/(-7). Suppose 0*w - o*j = -4*w + 109, -5*j - 25 = 0. What is the units digit of w?
1
Let m be -1 - -4*(0 - -1). What is the units digit of (2 + 0 - m) + 4?
3
Suppose -h - 37 + 16 = 0. Let s = h - 47. What is the units digit of (-4)/(-18) + s/(-18)?
4
Let r(k) = -k**2 - 7*k + 22. What is the units digit of r(-9)?
4
Let p be (-6)/15 - 246/(-15). Suppose -7*w + p = -3*w. What is the units digit of w?
4
Let t = 1 - 2. Let g = 1 - t. What is the units digit of g?
2
Suppose -6*s + 306 = -0*s. What is the tens digit of s?
5
Let u(a) = -a**2 - 5*a + 10. What is the units digit of u(-6)?
4
Suppose 15*w - 446 = -2*k + 13*w, k + 5*w = 243. What is the hundreds digit of k?
2
Suppose 3*v - 2*k - 2 - 9 = 0, -33 = -5*v - 4*k. Suppose v*z = 63 - 3. Suppose 5*t - 8 = z. What is the units digit of t?
4
Let w(m) = -16*m**3 - m**2 - m - 1. Suppose a = -3*s - 10, 0 = -4*a - 2*s - 7 - 3. What is the units digit of w(a)?
5
Suppose -5 = -0*z - z. Suppose -2*m = z*i - 51, 2*m - 56 = -0*m - 4*i. What is the tens digit of m?
3
Let c be -2*-2*(-5 - -2). What is the units digit of -25*(2 - c/(-5))?
0
Let j = 0 - -3. Suppose -j*m = -3*i + 12, -3*m + 2*m + 24 = 3*i. Suppose x + 5*p = -i - 2, 5*x = p + 7. What is the units digit of x?
1
Let a(y) be the first derivative of y**2/2 + 4*y + 2. Let x be (-1 + 3)*(0 - -2). What is the units digit of a(x)?
8
Suppose 4*j + 1 + 3 = 2*t, 5*t = -2*j - 2. Let i = 3 + j. What is the units digit of i?
2
Suppose 0*q + 3*q = 9. Let b(k) = -k**3 - 2*k**2 + k + 2. Let p be b(-2). Let m = p + q. What is the units digit of m?
3
Suppose 0 = 2*t - 17 + 5. Let z be 26/6 + (-2)/t. Suppose 0 = q - 1, -u + 2*q - 1 = -z. What is the units digit of u?
5
Let j be (-1 + 1)/(2 - 1). Let x be (-1)/(-1)*(j + 2). Suppose -4*h + 4*o + 20 = 0, -5*h + 25 = -x*o - 2*o. What is the units digit of h?
5
Let a(q) = 3*q**2 - 5*q + 1. Let j(k) = -2*k**2 + 5*k - 2. Let z(h) = 3*a(h) + 4*j(h). Let t = 18 - 25. What is the units digit of z(t)?
9
Suppose 2*o - 5*k + 22 = 243, 3*k + 108 = o. What is the tens digit of o?
2
Suppose -3*n - 52 = -5*n. What is the units digit of n?
6
Let i be -2 - (0 - (-1 + 0)). Let h = 1 - i. What is the units digit of h?
4
Let q(c) = 17*c**3 - 2*c**2 + 1. Suppose 2*z + 0*z = 8. Let i be z - (-1)/(2/(-6)). What is the units digit of q(i)?
6
Let c = -11 - -15. Suppose -59 = -c*x + 5*p, -2*x + p = x - 58. What is the tens digit of x?
2
Suppose 6 - 35 = -4*v + 3*q, 12 = 2*v - 4*q. Suppose -4*j = 3*s - 13, -5*j + 9 = 3*s - v. What is the units digit of j?
4
Let i(h) = 127*h + 3. What is the tens digit of i(1)?
3
Let o be 3/9 + 28/6. Suppose -5 = -i + o. What is the units digit of i?
0
What is the units digit of 2/14 - 836/(-28)?
0
Let q = -151 - -175. What is the units digit of q?
4
Let q(j) = -j**3 + 17*j**2 - j + 14. Let d be q(17). Let u(m) be the third derivative of m**5/30 + m**4/12 - m**3/6 - m**2. What is the tens digit of u(d)?
1
Let x be (0 + 1)/((-2)/56). Let d be (-8)/x + (-30)/7. Let f = d + 9. What is the units digit of f?
5
Let x = 179 - 74. What is the units digit of x?
5
Let w(q) = -2*q**3 - 2*q**2 + q. Let z be w(-2). Let k = 10 - z. What is the units digit of k?
4
Suppose 0 = -5*w - 4*v + 71, 0 = 3*w - 4*v - v - 13. What is the units digit of w?
1
Let b be -3 - 0 - (-26 + -2). Let a = b + -9. What is the units digit of a?
6
Suppose -3*s + 24 = 5*m, 0 = 5*s + 4*m - 20 - 20. Let x be -9*(1 + 2/(-1)). Suppose 0 = -l - 5*u - 21, x = 3*l - u - s. What is the units digit of l?
4
Let l(d) = d**2 - d - 1. Let k be l(-1). What is the units digit of ((-3)/k)/((-24)/128)?
6
Let w be (-1)/2*(-4)/(-1). Let t be 12/(-9)*3/w. Let q = t + 1. What is the units digit of q?
3
Let r(n) = 2 + 4*n**2 + 2*n - n - 5*n. Let g